961
List the prime factors of 444796071.
3, 148265357
What are the prime factors of 335260260?
2, 3, 5, 701, 2657
What are the prime factors of 1551088821?
3, 517029607
List the prime factors of 403219696.
2, 11, 179, 12799
What are the prime factors of 9208182?
2, 3, 727, 2111
List the prime factors of 763185046.
2, 13, 17, 19, 4783
List the prime factors of 103441594.
2, 179, 283, 1021
List the prime factors of 34126435.
5, 7, 53, 18397
List the prime factors of 325208794.
2, 162604397
What are the prime factors of 64546161?
3, 17, 1265611
What are the prime factors of 76482198?
2, 3, 13, 108949
What are the prime factors of 122593958?
2, 61296979
List the prime factors of 4671799064.
2, 1721, 339323
What are the prime factors of 106760986?
2, 17, 23, 136523
What are the prime factors of 105689123?
79, 167, 8011
What are the prime factors of 4595629622?
2, 37, 62103103
List the prime factors of 16441693.
16441693
List the prime factors of 6235219140.
2, 3, 5, 103920319
List the prime factors of 188691406.
2, 4547, 20749
What are the prime factors of 431700449?
431700449
List the prime factors of 18959063.
17, 1115239
List the prime factors of 505449710.
2, 5, 71, 443, 1607
List the prime factors of 2965106542.
2, 8819, 168109
List the prime factors of 79901576.
2, 59, 169283
List the prime factors of 126128876.
2, 31532219
What are the prime factors of 122161487?
7, 23, 758767
List the prime factors of 161627933.
29, 5573377
List the prime factors of 21022546.
2, 3167, 3319
What are the prime factors of 4620839554?
2, 149, 15506173
List the prime factors of 9027279.
3, 101, 9931
What are the prime factors of 258978673?
41, 6316553
List the prime factors of 24799384.
2, 223, 13901
List the prime factors of 4108376317.
179, 487, 47129
List the prime factors of 1134866908.
2, 7, 3271, 12391
List the prime factors of 7278938886.
2, 3, 37, 71, 461803
What are the prime factors of 426622512?
2, 3, 73, 109, 1117
List the prime factors of 62310294.
2, 3, 37, 93559
List the prime factors of 244415615.
5, 48883123
What are the prime factors of 153903045?
3, 5, 127, 80789
What are the prime factors of 11135205?
3, 5, 82483
List the prime factors of 665440623.
3, 23, 1071563
What are the prime factors of 142393398?
2, 3, 7, 61, 55579
List the prime factors of 11705540.
2, 5, 7, 11, 691
List the prime factors of 498737286.
2, 3, 997, 27791
List the prime factors of 43144175.
5, 1725767
What are the prime factors of 10442094?
2, 3, 13, 133873
What are the prime factors of 729355276?
2, 13, 14026063
What are the prime factors of 334125915?
3, 5, 22275061
What are the prime factors of 71104477?
23, 139, 967
List the prime factors of 2171358453.
3, 11, 65798741
List the prime factors of 118129377.
3, 47, 837797
List the prime factors of 7743857.
11, 17, 41411
What are the prime factors of 17648562?
2, 3, 293, 10039
What are the prime factors of 28068084?
2, 3, 11, 70879
List the prime factors of 53440342.
2, 31, 861941
List the prime factors of 209924604.
2, 3, 5831239
List the prime factors of 495753513.
3, 165251171
What are the prime factors of 1995887995?
5, 41, 79, 251, 491
What are the prime factors of 1171109174?
2, 113, 5181899
What are the prime factors of 556297712?
2, 1999, 17393
List the prime factors of 207914365.
5, 23, 31, 58321
List the prime factors of 23451214.
2, 23, 47, 10847
List the prime factors of 35287921.
19, 41, 97, 467
List the prime factors of 3591745112.
2, 67, 79, 271, 313
What are the prime factors of 147139504?
2, 29, 67, 4733
List the prime factors of 41985243.
3, 29, 43
List the prime factors of 181414651.
11, 16492241
List the prime factors of 128232888.
2, 3, 7, 251, 3041
List the prime factors of 694353620.
2, 5, 34717681
List the prime factors of 1473855912.
2, 3, 2274469
List the prime factors of 123372366.
2, 3, 13, 17, 421
List the prime factors of 129089335.
5, 25817867
List the prime factors of 2637347717.
17, 2129, 72869
What are the prime factors of 24517326?
2, 3, 433, 9437
What are the prime factors of 3196728453?
3, 47, 163, 139091
What are the prime factors of 612711799?
7, 87530257
List the prime factors of 7832571080.
2, 5, 53, 3694609
List the prime factors of 84921189.
3, 28307063
List the prime factors of 126375599.
7, 18053657
What are the prime factors of 30739496?
2, 43, 193, 463
List the prime factors of 241019511.
3, 71, 1131547
What are the prime factors of 176494203?
3, 23, 29, 29401
List the prime factors of 41435977.
11, 3766907
List the prime factors of 216438439.
7, 4417111
List the prime factors of 1322400786.
2, 3, 7, 349, 90217
What are the prime factors of 2310857625?
3, 5, 43, 139, 1031
List the prime factors of 1144108918.
2, 23, 24871933
What are the prime factors of 2432386746?
2, 3, 41, 59, 2069
List the prime factors of 3222568122.
2, 3, 18329, 29303
List the prime factors of 2389177253.
7669, 311537
List the prime factors of 395820022.
2, 13, 433, 35159
List the prime factors of 24673665.
3, 5, 107, 15373
What are the prime factors of 313752340?
2, 5, 11, 17, 83891
List the prime factors of 116647586.
2, 11, 5302163
What are the prime factors of 226257733?
13, 73, 238417
What are the prime factors of 13932314?
2, 11, 633287
What are the prime factors of 1415548748?
2, 14741, 24007
List the prime factors of 133640248.
2, 7, 340919
List the prime factors of 489589491.
3, 263, 620519
What are the prime factors of 49480385?
5, 9896077
What are the prime factors of 17833314?
2, 3, 2972219
List the prime factors of 157698319.
5419, 29101
What are the prime factors of 75369778?
2, 11, 251, 13649
List the prime factors of 4852088.
2, 617, 983
List the prime factors of 26210817.
3, 167, 5813
What are the prime factors of 36772388?
2, 1051, 8747
What are the prime factors of 488399990?
2, 5, 13, 3756923
What are the prime factors of 1072378096?
2, 67023631
What are the prime factors of 5836156575?
3, 5, 77815421
List the prime factors of 127652857.
2711, 47087
What are the prime factors of 91324443?
3, 7, 4348783
List the prime factors of 171016439.
11, 131, 10789
What are the prime factors of 393263778?
2, 3, 65543963
What are the prime factors of 80453726?
2, 41, 83, 11821
What are the prime factors of 983238619?
11, 19, 427681
What are the prime factors of 35528544?
2, 3, 1523
List the prime factors of 256287260.
2, 5, 347, 36929
What are the prime factors of 121148476?
2, 59, 513341
List the prime factors of 3145479173.
3145479173
What are the prime factors of 1023030347?
89, 11494723
List the prime factors of 848650406.
2, 1103, 384701
What are the prime factors of 352978748?
2, 83, 1063189
List the prime factors of 577926027.
3, 7, 2731, 3359
What are the prime factors of 1015090261?
1015090261
What are the prime factors of 300761251?
7, 1259, 34127
List the prime factors of 567703449.
3, 29, 2175109
What are the prime factors of 279794944?
2, 11, 13, 7643
List the prime factors of 19909322.
2, 101, 98561
What are the prime factors of 184358806?
2, 4217, 21859
What are the prime factors of 12007468?
2, 11, 19, 53, 271
List the prime factors of 294778354.
2, 13, 113, 100333
What are the prime factors of 119819631?
3, 39939877
List the prime factors of 104055793.
17, 6120929
List the prime factors of 3911133939.
3, 1303711313
List the prime factors of 3036332369.
7, 37, 11723291
List the prime factors of 2921896304.
2, 19, 199, 48299
List the prime factors of 84437906.
2, 7, 251, 24029
What are the prime factors of 1091859896?
2, 1447, 94321
List the prime factors of 1368513489.
3, 7, 1069, 60961
List the prime factors of 55289345.
5, 661, 16729
What are the prime factors of 1927820085?
3, 5, 19, 6764281
What are the prime factors of 26902497?
3, 223, 40213
What are the prime factors of 2069738729?
17, 29, 151, 27803
What are the prime factors of 133415467?
2909, 45863
What are the prime factors of 875865716?
2, 11, 3863, 5153
What are the prime factors of 2113656650?
2, 5, 7, 911, 947
List the prime factors of 2380732077.
3, 83, 3019, 3167
List the prime factors of 3389166101.
1217, 2784853
What are the prime factors of 1495045770?
2, 3, 5, 23, 79, 27427
List the prime factors of 69072601.
13, 5313277
List the prime factors of 88410861.
3, 7, 11, 113, 1129
What are the prime factors